base 14) to base 12
-21730
-110011100 (base 2) to base 3
-120021
Convert -2410 (base 5) to base 8.
-543
What is c6b (base 16) in base 3?
11100202
Convert -1110011000011 (base 2) to base 10.
-7363
-30232 (base 6) to base 16
-f8c
Convert -40c (base 16) to base 2.
-10000001100
122201 (base 3) to base 11
3a5
1548 (base 13) to base 3
11020220
Convert -5746 (base 9) to base 4.
-1002132
-3626 (base 7) to base 3
-1211202
What is -24ab7 (base 12) in base 2?
-1100001100101011
Convert -3443 (base 8) to base 14.
-947
What is 11223233 (base 4) in base 8?
55357
What is 111110001 (base 2) in base 8?
761
1234 (base 6) to base 10
310
Convert -1623 (base 8) to base 5.
-12130
What is -120 (base 15) in base 12?
-193
Convert 1230313 (base 4) to base 2.
1101100110111
What is d6 (base 14) in base 7?
356
What is c00 (base 14) in base 8?
4460
-23670 (base 9) to base 3
-210202100
Convert -b467 (base 12) to base 5.
-1112123
-2121 (base 8) to base 15
-4da
Convert -3321 (base 4) to base 8.
-371
What is 213 (base 7) in base 13?
84
What is 1201020 (base 4) in base 13?
2aa2
22103 (base 5) to base 14
7b2
Convert -5c8 (base 14) to base 10.
-1156
Convert 240432 (base 5) to base 8.
21243
-100101011101011 (base 2) to base 9
-28270
What is 2015 (base 14) in base 8?
12603
What is -13737 (base 9) in base 13?
-4342
What is -1012113 (base 4) in base 11?
-3424
Convert -626 (base 9) to base 13.
-303
1002011210 (base 3) to base 2
101001100010110
What is -1111011001110 (base 2) in base 10?
-7886
-301200 (base 4) to base 5
-100133
275 (base 15) to base 6
2332
Convert -25eb (base 16) to base 6.
-112535
What is -10366 (base 7) in base 15?
-b81
Convert 768 (base 14) to base 8.
2670
Convert -2233 (base 6) to base 9.
-643
524550 (base 6) to base 8
123062
What is 905 (base 10) in base 15?
405
Convert -10010000110 (base 2) to base 7.
-3243
Convert -130212 (base 4) to base 6.
-12250
Convert 2010011 (base 3) to base 10.
1543
-520 (base 10) to base 12
-374
What is -358 (base 12) in base 9?
-615
210102011 (base 3) to base 7
63340
What is -1b0 (base 15) in base 12?
-286
-876 (base 10) to base 15
-3d6
341 (base 11) to base 10
408
311 (base 15) to base 5
10231
Convert 180b5 (base 13) to base 8.
132315
What is 1141031 (base 5) in base 13?
9976
Convert -46305 (base 10) to base 2.
-1011010011100001
1000011010 (base 2) to base 7
1366
What is 102010000 (base 3) in base 10?
8100
What is 30491 (base 11) in base 8?
126733
3539 (base 13) to base 15
233e
-562 (base 14) to base 10
-1066
1652 (base 12) to base 8
5136
221211 (base 4) to base 9
3576
What is -78c5 (base 16) in base 12?
-15a85
Convert -d6 (base 14) to base 13.
-116
Convert 22b (base 16) to base 6.
2323
2332 (base 5) to base 12
246
What is -22481 (base 9) in base 3?
-202112201
What is -11409 (base 11) in base 7?
-66001
What is -111 (base 16) in base 11?
-229
What is 1698 (base 16) in base 3?
21221020
Convert -131352 (base 6) to base 14.
-4548
Convert 74 (base 10) to base 11.
68
-c74 (base 15) to base 9
-3761
What is -b343 (base 15) in base 13?
-14307
18e2 (base 15) to base 14
1d6b
-15644 (base 7) to base 12
-26a2
396 (base 13) to base 2
1001110110
2908 (base 11) to base 13
1932
What is 223400 (base 5) in base 12?
4747
Convert 111110100 (base 2) to base 16.
1f4
What is -1a603 (base 11) in base 10?
-28680
Convert 1011332 (base 5) to base 13.
7659
What is -2dd (base 15) in base 5?
-10113
Convert -4 (base 11) to base 10.
-4
Convert 4345 (base 10) to base 2.
1000011111001
What is -100001 (base 4) in base 13?
-60b
What is 1442 (base 8) in base 12?
56a
What is -17436 (base 10) in base 16?
-441c
Convert 7577 (base 12) to base 16.
326b
What is 865 (base 15) in base 10?
1895
Convert -216 (base 11) to base 3.
-100121
Convert -1471 (base 11) to base 10.
-1893
Convert 14a (base 12) to base 9.
244
Convert 130412 (base 5) to base 6.
35351
Convert 211220 (base 3) to base 16.
26a
What is -bce9 (base 16) in base 11?
-33375
5b94 (base 15) to base 3
222201211
1344 (base 7) to base 8
1012
What is 11b (base 14) in base 5?
1341
Convert -60 (base 8) to base 15.
-33
Convert 78ca (base 15) to base 8.
62017
What is 416 (base 7) in base 11?
180
Convert -42440 (base 8) to base 15.
-539b
Convert 18da (base 14) to base 16.
1198
Convert -2ac9 (base 15) to base 13.
-424b
48117 (base 9) to base 8
76655
-10303 (base 5) to base 3
-222001
1413 (base 10) to base 12
999
Convert -319 (base 11) to base 6.
-1435
318 (base 9) to base 12
198
13990 (base 14) to base 12
2410a
310 (base 6) to base 10
114
Convert -746 (base 8) to base 4.
-13212
-7238 (base 12) to base 4
-3002030
-47222 (base 9) to base 6
-401545
What is 110704 (base 8) in base 4?
21013010
5757 (base 8) to base 3
11012011
What is -4104 (base 7) in base 2?
-10110010001
1370 (base 9) to base 10
1035
What is 1220100 (base 3) in base 4?
111222
111110100 (base 2) to base 10
500
Convert 25410 (base 7) to base 4.
1221000
Convert -1344 (base 9) to base 12.
-704
What is -4031 (base 5) in base 10?
-516
Convert -1120112011 (base 3) to base 8.
-74430
What is 312 (base 4) in base 10?
54
Convert 20722 (base 9) to base 16.
358d
Convert -262 (base 7) to base 2.
-10001110
Convert -283 (base 12) to base 14.
-1d9
What is a143 (base 11) in base 7?
54203
Convert 4c4 (base 14) to base 7.
2534
Convert 878 (base 13) to base 3.
1222202
Convert -144032 (base 5) to base 7.
-23623
-882 (base 15) to base 6
-12522
What is -100001001 (base 3) in base 2?
-1100110111101
Convert -24937 (base 13) to base 15.
-14ed7
Convert 22883 (base 9) to base 5.
442203
What is -4103 (base 7) in base 6?
-10332
What is 3555 (base 7) in base 15?
5c9
110101010110011 (base 2) to base 16
6ab3
What is -116 (base 9) in base 5?
-341
What is -c9e7 (base 15) in base 9?
-64561
4104 (base 11) to base 14
1db3
Convert 1001101110110011 (base 2) to base 9.
60607
Convert 2625 (base 11) to base 5.
102130
What is -11314 (base 5) in base 6?
-3510
-10413 (base 7) to base 14
-d43
Convert -1515 (base 13) to base 12.
-1930
420 (base 13) to base 11
589
What is 2731 (base 13) in base 2?
1010111110001
Convert -1014c (base 13) to base 8.
-70172
Convert -3d12 (base 14) to base 6.
-121552
What is -8616 (base 10) in base 16?
-21a8
What is 1333 (base 5) in base 13?
13a
131343 (base 6) to base 11
9033
Convert 1010 (base 5) to base 15.
8a
What is -137411 (base 9) in base 5?
-10143134
Convert -31414 (base 6) to base 12.
-256a
Convert 3422 (base 9) to base 16.
9e3
-4201 (base 5) to base 10
-551
What is -404 (base 6) in base 9?
-174
-2867 (base 12) to base 5
-122222
-41 (base 14) to base 9
-63
c0 (base 14) to base 11
143
418 (base 13) to base 12
4a1
What is -12303 (base 5) in base 6?
-4225
What is 1b (base 16) in base 7?
36
892 (base 15) to base 3
2122202
39c (base 15) to base 12
586
-5373 (base 9) to base 8
-7562
Convert -349 (base 11) to base 14.
-21a
-55b5 (base 13) to base 14
-4518
What is -4133 (base 6) in base 15?
-416
Convert -1548d (base 15) to base 14.
-1ad93
What is -10158 (base 10) in base 14?
-39b8
What is 1441 (base 6) in base 3?
112021
Convert -10022112 (base 3) to base 15.
-ab2
What is 47313 (base 8) in base 6?
233215
Convert -2623 (base 8) to base 6.
-10335
25304 (base 10) to base 15
776e
What is -110222211 (base 3) in base 6?
-111504
Convert 110010202 (base 3) to base 16.
2291
101001100011 (base 2) to base 3
10122111
Convert 1101011 (base 3) to base 9.
1334
What is 675 (base 10) in base 2?
1010100011
Convert -b4b (base 14) to base 10.
-2223
-224414 (base 5) to base 7
-32433
What is 53c (base 13) in base 7?
2420
What is -3a77 (base 14) in base 2?
-10100000111001
-1d96 (base 15) to base 8
-14451
2db (base 14) to base 12
409
What is 140031 (base 7) in base 10?
26433
Convert -2022112 (base 3) to base 13.
-9cb
What is f99b (base 16) in base 11?
44010
Convert 115023 (base 8) to base 12.
1a9ab
What is -1121 (base 4) in base 3?
-10022
2b97 (base 15) to base 14
35b1
What is -52543 (base 7) in base 4?
-3022213
What is -4b7 (base 14) in base 8?
-1661
What is -6017 (base 9) in base 3?
-20000121
-100202 (base 3) to base 11
-21a
Convert -4796 (base 10) to base 5.
-123141
What is -d (base 16) in base 5?
-23
Convert -1113345 (base 6) to base 4.
-31303001
What is 1a04 (base 11) in base 6?
15441
Convert 222 (base 12) to base 5.
2224
23331 (base 4) to base 9
1040
20222021 (base 3) to base 5
130313
What is -12002212 (